e units digit of h?
3
Let g(d) = 272*d**2 - 6*d + 16. What is the thousands digit of g(2)?
1
What is the thousands digit of (-262790)/(-121) - (72/(-33) + 2)?
2
Let a(l) = -44*l - 136. What is the tens digit of a(-12)?
9
Suppose -20 = -2*k + 4*i, -3*k + 2*i - 2 = -5*k. Let j be (2/(-2))/(3/234). What is the units digit of (-2)/(k/j*3)?
3
Let d(r) = r**2 - 3*r + 2. Let v = 8 + -14. Let a be (36/(-21))/(v/21). What is the tens digit of d(a)?
2
Suppose 5*t = -4*k + 18463, 17*t + 5*k + 11100 = 20*t. What is the units digit of t?
5
Let t(p) = p**3 + 15*p**2 + 17*p + 51. What is the units digit of t(-13)?
8
Suppose 5*i + 6 = -5*x + 11, -i = 1. Suppose 0 = -3*s - 3*n - 69, -n + 17 = -x*s - 20. Let l = 32 + s. What is the units digit of l?
2
Let n = 29 + -17. Let s = n + -7. Suppose -2*j = -s*j + 108. What is the units digit of j?
6
Let t be (4 + 1 - 0) + -1 + -2. Suppose t*m - 906 = -4*m. What is the tens digit of m?
5
Let h be 6/27 + 210/27. Let n(w) be the third derivative of w**5/30 - 13*w**4/24 + 11*w**3/6 - 2*w**2. What is the units digit of n(h)?
5
Let b(m) = -m**2 - 11*m - 26. Let g be (6/8 + 0)/(6/(-48)). What is the units digit of b(g)?
4
Suppose 2*c + 1 = 2*y - 7, -2*c - 10 = -4*y. Let s be c/(-12) + 13/(-4). What is the tens digit of 1/s + (-55)/(-3)?
1
Suppose -p + 25 = 4*p. Suppose p*u - 65 = 65. Suppose -4*y - 5*a + 133 = 0, 0 = 4*y - 5*a - 149 + u. What is the tens digit of y?
3
Let i = 3921 + -1033. What is the thousands digit of i?
2
Let g(i) = 2*i**2 + 5*i - 4. Let t be (22/(-11))/((-1)/(-2)). Let c be g(t). Suppose 3*v = c*v - 95. What is the tens digit of v?
1
Suppose 0*g + 3*o = -2*g + 16, -3*g - 2*o = -14. What is the tens digit of g/(-4 - -6) - -87?
8
What is the tens digit of 56069/76 - 1/(-4)?
3
Suppose -o = -n - 2922, 0 = -4*o - 3*n + 16293 - 4619. What is the units digit of o?
0
Suppose -5*k - 7818 = -5*r - 648, 4*r - 5768 = -4*k. What is the tens digit of r?
3
Let h(t) = 35*t**2 - 24*t + 2. What is the tens digit of h(2)?
9
Let h(c) = -c**3 - 7*c**2 - 4. Let v be h(-7). Let j be v/(-26) + 12/(-78). Suppose 52 = 3*f + 5*q, j*f - f - 5*q = -4. What is the units digit of f?
4
Let y(h) be the first derivative of -h**3/3 + 3*h**2 + 2*h - 4. Let c be y(4). What is the tens digit of c/55 + 229/11?
2
What is the hundreds digit of 34/17 + (3 - -981)?
9
Suppose 2*v = 4*w + 332, 2*w - 31 = -5*v - 221. Let l = -37 - w. What is the units digit of l?
8
Suppose 0 = 4*j - j. Let b(o) = -10*o**2 + 0*o**2 + 33 + 9*o**2 + 2*o - o**3. What is the tens digit of b(j)?
3
Let i(y) = 8*y + 15*y + 2 - 38*y + 16*y. Let q be i(7). Suppose 0 = -f - q + 56. What is the units digit of f?
7
Let n(k) = -k**3 - 13*k - 10 - 6 + 21*k**2 - 15 + 20. What is the hundreds digit of n(20)?
1
Suppose 0 = 2*u - 5*l - 160, 0 = -u + 6*u - 3*l - 400. Suppose -u - 416 = -8*x. What is the units digit of x?
2
Let l = -109 - -213. Let q be 3*(-2 + l/3). Suppose -3*u + q = -u. What is the units digit of u?
9
Let u = 24 + -21. Suppose 0 = q - v - 3, u*q + 3 = -3*v + 18. Suppose -5*x - q = -69. What is the units digit of x?
3
Let b = -9 + 11. Let l be 12*(28/4 - b). Let o = -27 + l. What is the units digit of o?
3
Let m = -28 + 15. Let i = m - -7. Let f(l) = l**2 + 2*l - 8. What is the tens digit of f(i)?
1
Let b = 673 + -347. What is the hundreds digit of b?
3
Let r(q) be the second derivative of q**4/2 - 21*q**2/2 + 18*q. What is the tens digit of r(4)?
7
Let a = -419 - -722. Suppose 51 = -7*u + a. What is the tens digit of u?
3
Suppose 3*t - m = 8*t - 125, 4*t + 2*m - 106 = 0. Suppose -3*i - 37 = -4*h, h + 2*h = 3*i + t. Suppose -17*r + h*r + 104 = 0. What is the tens digit of r?
2
Suppose -7*g + 9 = 9. Suppose 3*t + m - 896 = -g*m, 0 = -3*t + m + 898. What is the units digit of t?
9
Let q(o) = -4*o**3 + 4*o**2 + 2*o + 3. Let t be q(3). What is the units digit of 9/t - 575/(-7)?
2
What is the hundreds digit of (-736)/(-2) + -5 + 7 + -1?
3
Suppose -1 = -f + 1. Suppose f*g + 3*g = 430. What is the tens digit of g?
8
What is the tens digit of (-2)/((5/227)/(-5))?
5
Suppose 3267 = 17*q - 6*q. What is the hundreds digit of q?
2
Let l(q) = -3*q + 29. Let j be l(-7). Suppose -13 = o - j. What is the units digit of o?
7
Suppose 0 = 2*b - 182 - 32. Suppose i - 4*l - 11 = 0, 2 = 5*i - 2*l - b. What is the units digit of i?
3
What is the units digit of 3/(-15) + 2/((-30)/(-2133))?
2
Suppose 3*s = -3 + 6. Let i be (-5193)/54 + 2/12. What is the tens digit of 11/((-44)/i) - s?
2
Let z = -66 - -71. Suppose 235 = 5*o + z*t, -97 = -3*o - 2*t + 47. What is the tens digit of o?
5
Let i be (5 - -2)*408/14. Suppose i - 52 = 4*k. What is the tens digit of k?
3
Let u(b) = 33*b**3 - 3*b + 2. Let f be u(1). Suppose 3*k - f = 1. What is the tens digit of k?
1
Let u(x) be the second derivative of 2*x**3/3 + 21*x**2/2 - 8*x. What is the units digit of u(-5)?
1
Suppose 73*j - 67*j = 294. What is the tens digit of j?
4
Suppose n - 71 = -5*y, -3*y + 3*n + 41 = 2. Let c = 8 - 6. Let k = y - c. What is the tens digit of k?
1
Let n = -9 - -14. Suppose 0 = -5*l + 2*s + 23, -3*l - n*s - 9 = 2. Suppose l*g - 374 + 129 = -w, -4*g + 295 = -5*w. What is the tens digit of g?
8
What is the tens digit of (632/10)/(228/(-30) + 8)?
5
Let o(b) = -8*b**2 - 2*b - 6. Let z(n) = 7*n**2 + n + 5. Let v(k) = -6*o(k) - 7*z(k). Let m be v(10). Let h = m + 70. What is the tens digit of h?
2
Suppose 0 = -3*z, s + 2*s = z + 1410. Suppose 0 = -7*v + 5*v + s. What is the hundreds digit of v?
2
Suppose 4*h - 9 - 15 = 0. What is the units digit of (h + -7)*2*(-338)/4?
9
What is the units digit of 60 + (1 - (-20)/(-4))?
6
Suppose 5*c - 3 = 7. Suppose -3*q + 6*q = -n - 17, -2*n = -c*q - 6. Let f(g) = g**2 + 5*g + 1. What is the units digit of f(q)?
1
Let c(z) = 14*z**2 + 25*z + z**2 + 14 + z**3 - 2*z**2. What is the tens digit of c(-10)?
6
What is the tens digit of -9 + -132*21/(-28)?
9
Let s = -30 - -43. Let u = s - 10. Suppose 0 = -l + u*n - 2, 4*l = -l - n + 70. What is the tens digit of l?
1
Let s(v) = -206*v - 1178. What is the units digit of s(-22)?
4
Let z(k) = k**2 + 3*k + 7. Let j = 38 + -48. What is the tens digit of z(j)?
7
Suppose -5944 = -14*d + 5396. What is the hundreds digit of d?
8
Let p be (-111)/(-185) - 597/(-5). Let a = p - 44. What is the tens digit of a?
7
Let l(p) = 4 + 9*p + p**2 - 3*p + 2*p + 6. Let m be l(-9). Suppose -4*k - m = -83. What is the units digit of k?
6
Let g be (-10)/(-40) + 15/4. Suppose r + 56 = 5*r - 4*q, -5*r - g*q + 52 = 0. What is the tens digit of r?
1
Let t be 9 - 8 - (1 + 5). Let j = 6 + t. What is the units digit of j?
1
Suppose 0*p = 5*o - p - 65, -2*p + 38 = 4*o. Suppose o*z - 1540 = 2*z. What is the units digit of z?
4
Let m(l) = 10*l**3 + 12*l**2 - 29*l + 15. What is the units digit of m(5)?
0
Let y(w) be the second derivative of -1/10*w**5 + 1/2*w**2 + 0 - 1/6*w**3 - 1/6*w**4 + 3*w. What is the tens digit of y(-2)?
1
Let n(f) = 19*f**2 + 60*f + 9. What is the tens digit of n(-8)?
4
What is the units digit of (-8096)/(-5) - (-15)/((-75)/(-4))?
0
Let a(p) = 85*p - 231. What is the hundreds digit of a(22)?
6
What is the units digit of 36/(-54) - (14384/(-12) + -3)?
1
Suppose -572 = -f + 642. What is the units digit of f?
4
Let a be 48/(((-2)/25)/((-4)/(-20))). Let q = 209 + a. What is the units digit of q?
9
Suppose 5*y - 11 - 70 = 4*m, 2*y = 4*m + 30. Let d = -2 + y. What is the units digit of d?
5
Let y = -60 + 60. Suppose 0 = 3*b - 12, -3*f + 5*b + 39 - 11 = y. What is the tens digit of f?
1
Let t = 3 + -5. Let z be (-2 - t)*2/4. Suppose z = x + s - 5, -2*s = -x - 0*s - 7. What is the units digit of x?
1
Suppose 0 = i - 1 - 1. Let c = 504 + -229. Suppose -c = -3*r - i*r. What is the tens digit of r?
5
Suppose 5*a - a - 72 = 0. Suppose 2*p - 4*p + a = 0. What is the units digit of p?
9
Let d(x) be the third derivative of -x**6/120 + x**5/4 - 29*x**4/24 - x**3/2 + 33*x**2. What is the tens digit of d(12)?
8
Let v be (-3)/1 - ((-1 - 0) + -13). Let z(t) = 3*t + 13. What is the units digit of z(v)?
6
Let c = -188 + 1244. What is the units digit of c?
6
Let a(h) = 2*h + 5. Let g(o) = 2*o - 1. Let b(r) = r + 1. Let u(t) = -5*b(t) + g(t). Let i(v) = 4*a(v) + 3*u(v). What is the units digit of i(-9)?
1
Suppose -53*r + 560 = -49*r. What is the units digit of r?
0
Let z = 1718 + -1487. 